{"id":927,"date":"2021-10-12T09:28:25","date_gmt":"2021-10-12T09:28:25","guid":{"rendered":"http:\/\/cornelia-fink.de\/?page_id=927"},"modified":"2021-10-12T09:28:25","modified_gmt":"2021-10-12T09:28:25","slug":"presseberichte","status":"publish","type":"page","link":"https:\/\/cfink.dikonzept.cloud\/?page_id=927","title":{"rendered":"Presse"},"content":{"rendered":"<p>[et_pb_section fb_built=&#8221;1&#8243; _builder_version=&#8221;4.16&#8243; _module_preset=&#8221;default&#8221; use_background_color_gradient=&#8221;on&#8221; background_color_gradient_direction=&#8221;135deg&#8221; background_color_gradient_stops=&#8221;#a76660 30%|#cc8c82 100%&#8221; background_color_gradient_start=&#8221;#a76660&#8243; background_color_gradient_start_position=&#8221;30%&#8221; background_color_gradient_end=&#8221;#cc8c82&#8243; custom_padding=&#8221;100px||43px|||&#8221; global_colors_info=&#8221;{}&#8221;][et_pb_row column_structure=&#8221;3_5,2_5&#8243; _builder_version=&#8221;4.17.0&#8243; _module_preset=&#8221;default&#8221; width=&#8221;95%&#8221; custom_padding=&#8221;0px|||||&#8221; global_colors_info=&#8221;{}&#8221;][et_pb_column type=&#8221;3_5&#8243; _builder_version=&#8221;4.16&#8243; _module_preset=&#8221;default&#8221; global_colors_info=&#8221;{}&#8221;][et_pb_image src=&#8221;http:\/\/cfink.dikonzept.cloud\/wp-content\/uploads\/2022\/04\/180811_Stimmprofile_133.jpg&#8221; alt=&#8221;Cornelia-Fink&#8221; title_text=&#8221;180811_Stimmprofile_133&#8243; _builder_version=&#8221;4.17.0&#8243; _module_preset=&#8221;default&#8221; width=&#8221;90%&#8221; global_colors_info=&#8221;{}&#8221;][\/et_pb_image][et_pb_text _builder_version=&#8221;4.16&#8243; _module_preset=&#8221;default&#8221; text_text_color=&#8221;#FFFFFF&#8221; text_font_size=&#8221;18px&#8221; custom_margin=&#8221;-27px|||||&#8221; global_colors_info=&#8221;{}&#8221;]<\/p>\n<p>Cornelia C. Fink &#8211; Kommunikationspsychologin &amp; Stimmcoach<\/p>\n<p>[\/et_pb_text][\/et_pb_column][et_pb_column type=&#8221;2_5&#8243; _builder_version=&#8221;4.16&#8243; _module_preset=&#8221;default&#8221; global_colors_info=&#8221;{}&#8221;][et_pb_text _builder_version=&#8221;4.16&#8243; _module_preset=&#8221;default&#8221; text_font_size=&#8221;18px&#8221; header_3_text_color=&#8221;#FFFFFF&#8221; header_3_font_size=&#8221;35px&#8221; header_3_line_height=&#8221;1.3em&#8221; custom_margin=&#8221;6px|||||&#8221; global_colors_info=&#8221;{}&#8221;]<\/p>\n<h3>Herzlich Willkommen in meinem Pressebereich<\/h3>\n<p>[\/et_pb_text][et_pb_blurb url=&#8221;@ET-DC@eyJkeW5hbWljIjp0cnVlLCJjb250ZW50IjoicG9zdF9saW5rX3VybF9wYWdlIiwic2V0dGluZ3MiOnsicG9zdF9pZCI6IjIzIn19@&#8221; icon_placement=&#8221;left&#8221; image_icon_width=&#8221;64px&#8221; _builder_version=&#8221;4.16&#8243; _dynamic_attributes=&#8221;url&#8221; _module_preset=&#8221;default&#8221; header_text_color=&#8221;#FFFFFF&#8221; header_line_height=&#8221;1.1em&#8221; body_text_color=&#8221;#FFFFFF&#8221; body_font_size=&#8221;22px&#8221; body_line_height=&#8221;1.8em&#8221; body_link_text_color=&#8221;#f7d584&#8243; custom_margin=&#8221;-29px|||||&#8221; global_colors_info=&#8221;{}&#8221;]<\/p>\n<p>Hier findest Du<b> Informationen und <\/b><strong>Links<\/strong> zu von mir bereits erschienen Artikeln und Interviews.<\/p>\n<p>[\/et_pb_blurb][et_pb_blurb url=&#8221;@ET-DC@eyJkeW5hbWljIjp0cnVlLCJjb250ZW50IjoicG9zdF9saW5rX3VybF9wYWdlIiwic2V0dGluZ3MiOnsicG9zdF9pZCI6IjIzIn19@&#8221; use_icon=&#8221;on&#8221; font_icon=&#8221;&#x3d;||divi||400&#8243; icon_color=&#8221;#FFFFFF&#8221; icon_placement=&#8221;left&#8221; image_icon_width=&#8221;64px&#8221; _builder_version=&#8221;4.16&#8243; _dynamic_attributes=&#8221;url&#8221; _module_preset=&#8221;default&#8221; header_text_color=&#8221;#FFFFFF&#8221; header_line_height=&#8221;1.1em&#8221; body_text_color=&#8221;#FFFFFF&#8221; body_font_size=&#8221;22px&#8221; body_line_height=&#8221;1.8em&#8221; body_link_text_color=&#8221;#f7d584&#8243; custom_margin=&#8221;6px|||||&#8221; custom_padding=&#8221;15px|||||&#8221; global_colors_info=&#8221;{}&#8221;]<\/p>\n<p><strong>Journalisten<\/strong>, <strong>Podcaster<\/strong> und <strong>Medien<\/strong> finden <span style=\"color: #f7d584;\"><a href=\"https:\/\/cornelia-fink.de\/presseberichte#unterlagen\">hier<\/a> <\/span>\u00a0Presseunterlagen als Download.<\/p>\n<p>[\/et_pb_blurb][\/et_pb_column][\/et_pb_row][\/et_pb_section][et_pb_section fb_built=&#8221;1&#8243; _builder_version=&#8221;4.16&#8243; _module_preset=&#8221;default&#8221; custom_padding=&#8221;50px|||||&#8221; global_colors_info=&#8221;{}&#8221;][et_pb_row _builder_version=&#8221;4.16&#8243; _module_preset=&#8221;default&#8221; animation_style=&#8221;slide&#8221; animation_intensity_slide=&#8221;10%&#8221; animation_starting_opacity=&#8221;100%&#8221; global_colors_info=&#8221;{}&#8221;][et_pb_column type=&#8221;4_4&#8243; _builder_version=&#8221;4.16&#8243; _module_preset=&#8221;default&#8221; global_colors_info=&#8221;{}&#8221;][et_pb_testimonial portrait_url=&#8221;http:\/\/cfink.dikonzept.cloud\/wp-content\/uploads\/2021\/10\/Presseartikel.jpg&#8221; quote_icon=&#8221;off&#8221; _builder_version=&#8221;4.17.0&#8243; _module_preset=&#8221;default&#8221; body_font_size=&#8221;17px&#8221; author_font=&#8221;Montez|700|||||||&#8221; author_font_size=&#8221;22px&#8221; author_line_height=&#8221;1em&#8221; animation_style=&#8221;slide&#8221; animation_intensity_slide=&#8221;10%&#8221; animation_starting_opacity=&#8221;100%&#8221; box_shadow_style=&#8221;preset3&#8243; global_colors_info=&#8221;{}&#8221;]<\/p>\n<p class=\"x_MsoNormal\">Cornelia Fink ist studierte S\u00e4ngerin, Schauspielerin, Regisseurin und P\u00e4dagogin. Neben ihrer T\u00e4tigkeit auf der B\u00fchne und als Trainerin f\u00fcr Gesang und \u201eSprechkunst\u201c unterst\u00fctzt sie seit 35 Jahren Menschen dabei, ihren eigenen, authentischen Weg zu finden. Sie gibt \u201eder Stimme eine Stimme\u201c, und legt so noch unbewusste Potenziale in der Pers\u00f6nlichkeit frei.<\/p>\n<p class=\"x_MsoNormal\">Als Autorin schrieb sie bisher vor allem Theatertexte, Musicals und ein Kinderbuch. Im August diesen Jahres erschien ihr erster Roman dem Titel \u201eDer Weg hinter die Spiegel\u201c, den sie\u00a0 gemeinsam mit ihrer Tochter Clara Fink geschrieben hat.<\/p>\n<p>[\/et_pb_testimonial][et_pb_text _builder_version=&#8221;4.26.0&#8243; _module_preset=&#8221;default&#8221; text_font=&#8221;||on||||||&#8221; text_font_size=&#8221;16px&#8221; text_line_height=&#8221;1em&#8221; header_4_font_size=&#8221;20px&#8221; hover_enabled=&#8221;0&#8243; global_colors_info=&#8221;{}&#8221; sticky_enabled=&#8221;0&#8243;]<\/p>\n<h3 style=\"text-align: center;\"><span>Eine Auswahl bereits erschienener Presseberichte, Interviews und Buchbesprechungen<\/span><\/h3>\n<p><span><\/span><\/p>\n<p><span><\/span><\/p>\n<p>portalderwirtschaft.de<\/p>\n<h4><a data-auth=\"NotApplicable\" rel=\"noopener noreferrer\" href=\"https:\/\/www.portalderwirtschaft.de\/pressemitteilung\/358672\/die-fuehrende-expertin-zum-thema-stimme-heisst-cornelia-c-fink.html\" data-linkindex=\"14\" target=\"_blank\">Die f\u00fchrende Expertin zum Thema &#8220;Stimme&#8221; hei\u00dft:<span>\u00a0<\/span><span data-markjs=\"true\" class=\"mark5fx74wzds\" data-ogac=\"\" data-ogab=\"\" data-ogsc=\"\" data-ogsb=\"\">Cornelia<\/span><span>\u00a0<\/span>C. Fink<\/a><\/h4>\n<p>&nbsp;<\/p>\n<p><span>Startup Valley\u00a0<\/span><\/p>\n<p><span><\/span><\/p>\n<h4><a data-auth=\"NotApplicable\" rel=\"noopener noreferrer\" href=\"http:\/\/cfink.dikonzept.cloud\/wp-content\/uploads\/2024\/07\/Bericht-Startup-Valley-03-2022-web.pdf\" data-linkindex=\"9\" target=\"_blank\">Eine Frage des guten Tons: Stimmtraining f\u00fcr Beruf &amp; Alltag<\/a><\/h4>\n<p>[\/et_pb_text][\/et_pb_column][\/et_pb_row][et_pb_row disabled_on=&#8221;on|on|on&#8221; _builder_version=&#8221;4.16&#8243; _module_preset=&#8221;default&#8221; disabled=&#8221;on&#8221; global_colors_info=&#8221;{}&#8221;][et_pb_column type=&#8221;4_4&#8243; _builder_version=&#8221;4.16&#8243; _module_preset=&#8221;default&#8221; global_colors_info=&#8221;{}&#8221;][et_pb_text _builder_version=&#8221;4.16&#8243; _module_preset=&#8221;default&#8221; global_colors_info=&#8221;{}&#8221;]<\/p>\n<h3>Aktuelles<\/h3>\n<p>[\/et_pb_text][et_pb_text _builder_version=&#8221;4.16&#8243; _module_preset=&#8221;default&#8221; header_3_font=&#8221;Montez||||||||&#8221; global_colors_info=&#8221;{}&#8221;]Buchrezension<\/p>\n<h3><span style=\"color: #333333; font-size: 22px;\">der Weg hinter den Spiegel<\/span><\/h3>\n<p>[\/et_pb_text][et_pb_testimonial author=&#8221;Brian Buuck&#8221; _builder_version=&#8221;4.16&#8243; _module_preset=&#8221;default&#8221; author_font=&#8221;Montez||||||||&#8221; author_font_size=&#8221;24px&#8221; author_line_height=&#8221;0em&#8221; custom_margin=&#8221;||-2px|||&#8221; global_colors_info=&#8221;{}&#8221;]<\/p>\n<p><span>Clara und Cornelia Fink haben mit ihrem Erstlingswerk \u201eDer Weg hinter die Spiegel\u201c einen Roman \u00fcber ihre eigenen Erfahrungen im spirituellen wie auch allt\u00e4glichen Kontext geschrieben. Es ist ein Mix aus geheimnisvollem Welterleben, Krimi und Familiensaga. Eine Reise durch die Zeit- und Raumlosigkeit bei der man aufpassen muss, nicht die Orientierung zu verlieren, und die punktuell etwas an \u201eOutlander\u201c erinnert. Spannend und unerwartet. Starkes Finale! Macht Lust auf mehr.<\/span><\/p>\n<p>[\/et_pb_testimonial][et_pb_toggle title=&#8221;Ganze Rezension lesen&#8221; open_toggle_background_color=&#8221;#f4f4f4&#8243; icon_color=&#8221;#a76660&#8243; open_icon_color=&#8221;#a76660&#8243; _builder_version=&#8221;4.16&#8243; _module_preset=&#8221;default&#8221; border_width_all=&#8221;0px&#8221; box_shadow_style=&#8221;preset3&#8243; global_colors_info=&#8221;{}&#8221;]<\/p>\n<p>DURCH DIE ZEIT<\/p>\n<p>Manchmal begegnet man Menschen, die erst auf den zweiten Blick ihre Besonderheit erkennen lassen, und dich in ihren Bann ziehen. So ist es auch mit B\u00fcchern. &#8220;Der Weg hinter die Spiegel&#8221; von Clara und Cornelia Fink ist so ein Fall. Er kommt ganz unscheinbar und harmlos daher, und am Ende \u2013 sitzt du da und bist ganz still geworden. Und irgendwas ist mit dir passiert.<\/p>\n<p>Die Geschichte des Romans ist eigentlich zwei Geschichten. Sie handeln von zwei Frauen in zwei verschiedenen Ebenen, im Diesseits und im Jenseits, verbunden durch eine Br\u00fccke, die von beiden Seiten auf unterschiedliche Weise betreten werden kann, durch T\u00fcren und R\u00e4ume, die unabh\u00e4ngig voneinander immer wieder eine Rolle spielen \u2013 und verbunden durch ein Geheimnis, von dem beide nichts ahnen.<\/p>\n<p>Die \u201eSeele Sophia\u201c, w\u00e4hrend ihres Lebens verheiratet, Mutter von zwei S\u00f6hnen und Psychologin ist nach ihrem Tod unterwegs, um all jene Seelenteile zu finden, die sie von sich abgespalten und verdr\u00e4ngt hat. Sie soll sie von Denjenigen zur\u00fcckzuholen, die sie inzwischen f\u00fcr sie tragen, damit ihren Kindern erspart bleibt, mit dem, wovor sie sich gedr\u00fcckt hat weiterleben zu m\u00fcssen. Es geht um das Thema \u201eFamilienkarma\u201c und ber\u00fchrt die Frage \u201eWas vererben wir an alle, die uns irgendwann einmal nachfolgen?\u201c Von einer r\u00e4tselhaften Botschaft wird Sophia auf eine magische Reise durch Raum und Zeit geschickt, in parallele Dimensionen ihrer Existenz. Verfolgt von alten Mustern und mysteri\u00f6sen Erinnerungen durchschreitet sie T\u00fcr um T\u00fcr die Illusionen ihres bisherigen Lebens. Immer wenn sie glaubt, alles verstanden zu haben, was sie von einer R\u00fcckkehr zu ihrer Familie abh\u00e4lt, erliegt sie ihren Gewohnheiten und ihrer Ungeduld. Zwischen Traum und Wirklichkeit ger\u00e4t sie in einen inneren und \u00e4u\u00dferen Strudel von Ereignissen, die ihr Denken \u00fcber Liebe, Schuld und Wirklichkeit v\u00f6llig auf den Kopf stellen. Ihre, ach so perfekte Psychologenwelt ger\u00e4t mehr und mehr ins Wanken, w\u00e4hrend sie herausfindet, was das Wesentliche ihrer Existenz ist, und wie sehr das Leben sich von seinem Ursprung entfernt hat. Zu ihrer gr\u00f6\u00dften Herausforderung wird sie am Ende selbst, als sie vor der Entscheidung steht, ob sie wirklich den Schritt zur\u00fcck wagen will.<\/p>\n<p>Und doch &#8211; was hat das alles mit jeder anderen Frau zu tun?<\/p>\n<p>Diese andere Frau, die im Buch in der Ich-Form ihre Geschichte erz\u00e4hlt, und in der \u201erealen Welt\u201c unterwegs ist, hat ein ganz anderes Problem. Sie ist Journalistin, die davon tr\u00e4umt ein weltbewegendes Buch zu schreiben, aber in billiger Hinterhofberichterstattung h\u00e4ngen geblieben ist. Sie tr\u00e4gt ein Trauma mit sich, das sie so gut aus ihrer Erinnerung verbannt hat, dass es ihr ganzes Leben beeinflusst, ohne dass sie es wei\u00df. Furchtbare Tr\u00e4ume sind der Ausl\u00f6ser daf\u00fcr, dass sie sich auf ihre \u2013 ganz andere \u2013 Reise macht. Sie erlebt und durchlebt ganz real, wie eine seelische Belastung, die vor sehr, sehr langer Zeit ihre Ursache hatte bis<\/p>\n<p>jetzt in ihr Leben hineinwirkt. Auch hier geht es um karmische Muster, aber auch darum, wie sie erkannt und vor allem erl\u00f6st werden k\u00f6nnen. Aber auch sie ahnt in keinster Weise, dass ihr eine der unglaublichsten Begegnungen erst noch bevorsteht.<\/p>\n<p>Der Leser wird in dem vorliegenden Roman auf zwei sehr unterschiedliche und ungew\u00f6hnliche Wege \u201ehinter die Spiegel\u201c mitgenommen. Er erlebt w\u00e4hrend des Lesens, wie sehr das Leben selbst und nat\u00fcrlich alles, von dem wir glauben, dass es dazugeh\u00f6rt, uns st\u00e4ndig etwas vorgaukelt und \u201evorspiegelt\u201c, was nicht immer der Wahrheit entspricht. Er beginnt selbst zu entdecken, wie einfach es sein kann, und wie unterhaltsam, wenn man beginnt zu hinterfragen, was offensichtlich scheint und um uns herum geschieht. Er erlebt gewisserma\u00dfen seine eigene Geschichte w\u00e4hrend er eine andere liest.<\/p>\n<p>\u201eDie Welt hinter den Spiegeln\u201c besch\u00e4ftigt sich mit den gro\u00dfen Fragen des Lebens auf sehr unterhaltsame, ungew\u00f6hnlich geschriebene Weise und ist dabei aufgebaut wie ein guter Krimi.<\/p>\n<p>Wer also wissen will, \u201ewas das Leben ist\u201c, wie er selbst es aktiv nach seinen W\u00fcnschen gestalten kann \u2013 was er tun muss, um sich von allem zu befreien, was ihn belastet \u2013 indem er lernt zu sehen, was hinter den Dingen ist, &#8211; und wer konkrete \u201eWerkzeuge\u201c kennenlernen m\u00f6chte, wie das zu bewerkstelligen ist, der sollte dieses Buch lesen.<\/p>\n<p>Wer Lust hat, eingefahrenes Denken \u00fcber den Haufen zu werfen, und eine ganz andere Sichtweise zu wagen, weil niemand uns verbieten kann, die Welt so zu sehen, wie wir sie sehen wollen \u2013 und wer gleichzeitig super Spannendes erleben m\u00f6chte, um am Ende und auch zwischendurch immer wieder \u00fcberrascht zu werden \u2013 der ist mit diesem Buch gut beraten.<\/p>\n<p>Wer das Gef\u00fchl haben m\u00f6chte, das Buch sei nur f\u00fcr ihn geschrieben \u2013 wer es liebt in fantastische Welten abzutauchen, um am Ende festzustellen, dass seine Realit\u00e4t magischer und mystischer ist, als er bisher wusste, dem sei das Buch empfohlen.<\/p>\n<p>Und f\u00fcr alle, die gerade in ihr eigenes, selbstverantwortliches Leben starten, enth\u00e4lt dieses Buch last but not least ein Mindset, dass kaum Fragen offenl\u00e4sst.<\/p>\n<p>Wer auch immer dieses Buch in die Hand nimmt, muss einfach nur bereit sein einen Schritt hinter die vertraute Welt der Spiegel zu tun \u2013 und sich dann gut anschnallen.<\/p>\n<p>&nbsp;<\/p>\n<p>&#8220;Die Welt hinter den Spiegeln&#8221; ist beim Lebensgut-Verlag erschienen, es kostet 26 Euro.<\/p>\n<p>[\/et_pb_toggle][\/et_pb_column][\/et_pb_row][\/et_pb_section][et_pb_section fb_built=&#8221;1&#8243; module_id=&#8221;buchbesprechung&#8221; _builder_version=&#8221;4.25.2&#8243; _module_preset=&#8221;default&#8221; background_image=&#8221;http:\/\/cfink.dikonzept.cloud\/wp-content\/uploads\/2024\/06\/Buchbesprechung.jpg&#8221; global_colors_info=&#8221;{}&#8221;][et_pb_row _builder_version=&#8221;4.25.2&#8243; _module_preset=&#8221;default&#8221; max_width=&#8221;1800px&#8221; global_colors_info=&#8221;{}&#8221;][et_pb_column type=&#8221;4_4&#8243; _builder_version=&#8221;4.25.2&#8243; _module_preset=&#8221;default&#8221; global_colors_info=&#8221;{}&#8221;][et_pb_text _builder_version=&#8221;4.25.2&#8243; _module_preset=&#8221;default&#8221; text_text_color=&#8221;#000000&#8243; text_font_size=&#8221;16px&#8221; text_line_height=&#8221;1.4em&#8221; header_2_font_size=&#8221;24px&#8221; header_3_font_size=&#8221;36px&#8221; global_colors_info=&#8221;{}&#8221;]<\/p>\n<h2>Buchbesprechung<\/h2>\n<h3>\u201eDer Weg hinter die Spiegel\u201c<\/h3>\n<h4>von Brian Buuck \u2013 Lektor und \u00dcbersetzer der amerikanischen Version<\/h4>\n<p>&nbsp;<\/p>\n<p>Clara und Cornelia Fink haben mit ihrem Erstlingswerk \u201eDer Weg hinter die Spiegel\u201c einen Roman \u00fcber ihre eigenen Erfahrungen im spirituellen wie auch allt\u00e4glichen Kontext geschrieben. Es ist ein Mix aus geheimnisvollem Welterleben, Krimi und Familiensaga. Eine Reise durch die Zeit- und Raumlosigkeit bei der man aufpassen muss, nicht die Orientierung zu verlieren, und die punktuell etwas an \u201eOutlander\u201c erinnert. Spannend und unerwartet. Starkes Finale! Macht Lust auf mehr.<\/p>\n<p>DURCH DIE ZEIT<\/p>\n<p>Manchmal begegnet man Menschen, die erst auf den zweiten Blick ihre Besonderheit erkennen lassen, und dich in ihren Bann ziehen. So ist es auch mit B\u00fcchern. &#8220;Der Weg hinter die Spiegel&#8221; von Clara und Cornelia Fink ist so ein Fall. Er kommt ganz unscheinbar und harmlos daher, und am Ende \u2013 sitzt du da und bist ganz still geworden. Und irgendwas ist mit dir passiert.<\/p>\n<p>Die Geschichte des Romans ist eigentlich zwei Geschichten. Sie handeln von zwei Frauen in zwei verschiedenen Ebenen, im Diesseits und im Jenseits, verbunden durch eine Br\u00fccke, die von beiden Seiten auf unterschiedliche Weise betreten werden kann, durch T\u00fcren und R\u00e4ume, die unabh\u00e4ngig voneinander immer wieder eine Rolle spielen \u2013 und verbunden durch ein Geheimnis, von dem beide nichts ahnen.<\/p>\n<p>Die \u201eSeele Sophia\u201c, w\u00e4hrend ihres Lebens verheiratet, Mutter von zwei S\u00f6hnen und Psychologin ist nach ihrem Tod unterwegs, um all jene Seelenteile zu finden, die sie von sich abgespalten und verdr\u00e4ngt hat. Sie soll sie von Denjenigen zur\u00fcckzuholen, die sie inzwischen f\u00fcr sie tragen, damit ihren Kindern erspart bleibt, mit dem, wovor sie sich gedr\u00fcckt hat weiterleben zu m\u00fcssen. Es geht um das Thema \u201eFamilienkarma\u201c und ber\u00fchrt die Frage \u201eWas vererben wir an alle, die uns irgendwann einmal nachfolgen?\u201c Von einer r\u00e4tselhaften Botschaft wird Sophia auf eine magische Reise durch Raum und Zeit geschickt, in parallele Dimensionen ihrer Existenz. Verfolgt von alten Mustern und mysteri\u00f6sen Erinnerungen durchschreitet sie T\u00fcr um T\u00fcr die Illusionen ihres bisherigen Lebens. Immer wenn sie glaubt, alles verstanden zu haben, was sie von einer R\u00fcckkehr zu ihrer Familie abh\u00e4lt, erliegt sie ihren Gewohnheiten und ihrer Ungeduld. Zwischen Traum und Wirklichkeit ger\u00e4t sie in einen inneren und \u00e4u\u00dferen Strudel von Ereignissen, die ihr Denken \u00fcber Liebe, Schuld und Wirklichkeit v\u00f6llig auf den Kopf stellen. Ihre, ach so perfekte Psychologenwelt ger\u00e4t mehr und mehr ins Wanken, w\u00e4hrend sie herausfindet, was das Wesentliche ihrer Existenz ist, und wie sehr das Leben sich von seinem Ursprung entfernt hat. Zu ihrer gr\u00f6\u00dften Herausforderung wird sie am Ende selbst, als sie vor der Entscheidung steht, ob sie wirklich den Schritt zur\u00fcck wagen will.<\/p>\n<p>Und doch &#8211; was hat das alles mit jeder anderen Frau zu tun?<\/p>\n<p>Diese andere Frau, die im Buch in der Ich-Form ihre Geschichte erz\u00e4hlt, und in der \u201erealen Welt\u201c unterwegs ist, hat ein ganz anderes Problem. Sie ist Journalistin, die davon tr\u00e4umt ein weltbewegendes Buch zu schreiben, aber in billiger Hinterhofberichterstattung h\u00e4ngen geblieben ist. Sie tr\u00e4gt ein Trauma mit sich, das sie so gut aus ihrer Erinnerung verbannt hat, dass es ihr ganzes Leben beeinflusst, ohne dass sie es wei\u00df. Furchtbare Tr\u00e4ume sind der Ausl\u00f6ser daf\u00fcr, dass sie sich auf ihre \u2013 ganz andere \u2013 Reise macht. Sie erlebt und durchlebt ganz real, wie eine seelische Belastung, die vor sehr, sehr langer Zeit ihre Ursache hatte bis jetzt in ihr Leben hineinwirkt. Auch hier geht es um karmische Muster, aber auch darum, wie<\/p>\n<p>sie erkannt und vor allem erl\u00f6st werden k\u00f6nnen. Aber auch sie ahnt in keinster Weise, dass ihr eine der unglaublichsten Begegnungen erst noch bevorsteht.<\/p>\n<p>Der Leser wird in dem vorliegenden Roman auf zwei sehr unterschiedliche und ungew\u00f6hnliche Wege \u201ehinter die Spiegel\u201c mitgenommen. Er erlebt w\u00e4hrend des Lesens, wie sehr das Leben selbst und nat\u00fcrlich alles, von dem wir glauben, dass es dazugeh\u00f6rt, uns st\u00e4ndig etwas vorgaukelt und \u201evorspiegelt\u201c, was nicht immer der Wahrheit entspricht. Er beginnt selbst zu entdecken, wie einfach es sein kann, und wie unterhaltsam, wenn man beginnt zu hinterfragen, was offensichtlich scheint und um uns herum geschieht. Er erlebt gewisserma\u00dfen seine eigene Geschichte w\u00e4hrend er eine andere liest.<\/p>\n<p>\u201eDie Welt hinter den Spiegeln\u201c besch\u00e4ftigt sich mit den gro\u00dfen Fragen des Lebens auf sehr unterhaltsame, ungew\u00f6hnlich geschriebene Weise und ist dabei aufgebaut wie ein guter Krimi.<\/p>\n<p>Wer also wissen will, \u201ewas das Leben ist\u201c, wie er selbst es aktiv nach seinen W\u00fcnschen gestalten kann \u2013 was er tun muss, um sich von allem zu befreien, was ihn belastet \u2013 indem er lernt zu sehen, was hinter den Dingen ist, &#8211; und wer konkrete \u201eWerkzeuge\u201c kennenlernen m\u00f6chte, wie das zu bewerkstelligen ist, der sollte dieses Buch lesen.<\/p>\n<p>Wer Lust hat, eingefahrenes Denken \u00fcber den Haufen zu werfen, und eine ganz andere Sichtweise zu wagen, weil niemand uns verbieten kann, die Welt so zu sehen, wie wir sie sehen wollen \u2013 und wer gleichzeitig super Spannendes erleben m\u00f6chte, um am Ende und auch zwischendurch immer wieder \u00fcberrascht zu werden \u2013 der ist mit diesem Buch gut beraten.<\/p>\n<p>Wer das Gef\u00fchl haben m\u00f6chte, das Buch sei nur f\u00fcr ihn geschrieben \u2013 wer es liebt in fantastische Welten abzutauchen, um am Ende festzustellen, dass seine Realit\u00e4t magischer und mystischer ist, als er bisher wusste, dem sei das Buch empfohlen.<\/p>\n<p>Und f\u00fcr alle, die gerade in ihr eigenes, selbstverantwortliches Leben starten, enth\u00e4lt dieses Buch last but not least ein Mindset, dass kaum Fragen offenl\u00e4sst.<\/p>\n<p>Wer auch immer dieses Buch in die Hand nimmt, muss einfach nur bereit sein einen Schritt hinter die vertraute Welt der Spiegel zu tun \u2013 und sich dann gut anschnallen.<\/p>\n<p>&nbsp;<\/p>\n<p>&#8220;Die Welt hinter den Spiegeln&#8221; ist beim Lebensgut-Verlag erschienen.<\/p>\n<p>&nbsp;<\/p>\n<p>[\/et_pb_text][\/et_pb_column][\/et_pb_row][\/et_pb_section][et_pb_section fb_built=&#8221;1&#8243; fullwidth=&#8221;on&#8221; _builder_version=&#8221;4.25.2&#8243; _module_preset=&#8221;default&#8221; global_module=&#8221;2662&#8243; global_colors_info=&#8221;{}&#8221;][et_pb_fullwidth_header title=&#8221;Abonniere jetzt meinen Newsletter&#8221; button_one_text=&#8221;Jetzt abonnieren&#8221; button_one_url=&#8221;@ET-DC@eyJkeW5hbWljIjp0cnVlLCJjb250ZW50IjoicG9zdF9saW5rX3VybF9wYWdlIiwic2V0dGluZ3MiOnsicG9zdF9pZCI6IjI1ODUifX0=@&#8221; header_image_url=&#8221;http:\/\/cfink.dikonzept.cloud\/wp-content\/uploads\/2022\/04\/1-11-scaled-1.jpg&#8221; _builder_version=&#8221;4.25.2&#8243; _dynamic_attributes=&#8221;button_one_url&#8221; _module_preset=&#8221;default&#8221; global_colors_info=&#8221;{}&#8221;]<\/p>\n<p>Du bekommst wertvolle Informationen zu Deiner inneren und \u00e4u\u00dferen Stimme, wie Du Deine und andere Stimme &#8220;lesen&#8221; lernst, dich erfolgreich pr\u00e4sentierst, Hintergrundinformationen zu meinen B\u00fcchern und nat\u00fcrlich noch ein wenig Lesefutter.<\/p>\n<p>[\/et_pb_fullwidth_header][\/et_pb_section]<\/p>\n","protected":false},"excerpt":{"rendered":"<p>Cornelia C. Fink &#8211; Kommunikationspsychologin &amp; StimmcoachHerzlich Willkommen in meinem PressebereichHier findest Du Informationen und Links zu von mir bereits [&hellip;]<\/p>\n","protected":false},"author":1,"featured_media":0,"parent":0,"menu_order":0,"comment_status":"closed","ping_status":"closed","template":"","meta":{"_et_pb_use_builder":"on","_et_pb_old_content":"","_et_gb_content_width":"","footnotes":""},"class_list":["post-927","page","type-page","status-publish","hentry"],"_links":{"self":[{"href":"https:\/\/cfink.dikonzept.cloud\/index.php?rest_route=\/wp\/v2\/pages\/927","targetHints":{"allow":["GET"]}}],"collection":[{"href":"https:\/\/cfink.dikonzept.cloud\/index.php?rest_route=\/wp\/v2\/pages"}],"about":[{"href":"https:\/\/cfink.dikonzept.cloud\/index.php?rest_route=\/wp\/v2\/types\/page"}],"author":[{"embeddable":true,"href":"https:\/\/cfink.dikonzept.cloud\/index.php?rest_route=\/wp\/v2\/users\/1"}],"replies":[{"embeddable":true,"href":"https:\/\/cfink.dikonzept.cloud\/index.php?rest_route=%2Fwp%2Fv2%2Fcomments&post=927"}],"version-history":[{"count":0,"href":"https:\/\/cfink.dikonzept.cloud\/index.php?rest_route=\/wp\/v2\/pages\/927\/revisions"}],"wp:attachment":[{"href":"https:\/\/cfink.dikonzept.cloud\/index.php?rest_route=%2Fwp%2Fv2%2Fmedia&parent=927"}],"curies":[{"name":"wp","href":"https:\/\/api.w.org\/{rel}","templated":true}]}}